{"id":3,"date":"2024-11-21T09:04:01","date_gmt":"2024-11-21T08:04:01","guid":{"rendered":"https:\/\/puls.art\/?page_id=3"},"modified":"2025-04-24T13:34:09","modified_gmt":"2025-04-24T11:34:09","slug":"politique-de-confidentialite","status":"publish","type":"page","link":"https:\/\/puls.art\/?page_id=3","title":{"rendered":"Mentions"},"content":{"rendered":"\t\t<div data-elementor-type=\"wp-page\" data-elementor-id=\"3\" class=\"elementor elementor-3\" data-elementor-post-type=\"page\">\n\t\t\t\t<div class=\"content-row-elementor elementor-element elementor-element-765c7e21 dark-section inherit-header-color full_elementor row_padding_left_elementor row_padding_right_elementor e-flex e-con-boxed e-con e-parent\" data-id=\"765c7e21\" data-element_type=\"container\" data-e-type=\"container\">\n\t\t\t\t\t<div class=\"e-con-inner\">\n\t\t\t\t<div class=\"elementor-element elementor-element-e6b7715 elementor-widget elementor-widget-text-editor\" data-id=\"e6b7715\" data-element_type=\"widget\" data-e-type=\"widget\" data-widget_type=\"text-editor.default\">\n\t\t\t\t<div class=\"elementor-widget-container\">\n\t\t\t\t\t\t\t\t\t\n<h3 class=\"wp-block-heading\">Qui sommes-nous\u00a0?<\/h3>\n\n<p>Nom ou raison sociale : Puls<br \/>Adresse du si\u00e8ge social : Puy-de-D\u00f4me (63)<br \/>Adresse e-mail : contact@puls.art<br \/>Forme juridique : Artiste relevant des arts plastiques.<br \/>Adresse : 21b rue Jules Ferry &#8211; 63720 CHAPPES<\/p>\n<p>\u00a0<\/p>\n\n<h3 class=\"wp-block-heading\">Publication :<\/h3>\n\n<p>Directrice de la publication : Mireille Dos Santos<br \/>Responsable de la r\u00e9daction : Mireille Dos Santos<\/p>\n<p>\u00a0<\/p>\n\n<h3 class=\"wp-block-heading\">H\u00e9bergement :<\/h3>\n\n<p>OVH, 2 rue Kellermann \u2013 59100 Roubaix \u2013 France.<\/p>\n<p>\u00a0<\/p>\n<h3>Propri\u00e9t\u00e9 intellectuelle<\/h3>\n<p>L\u2019ensemble des contenus (textes, images, vid\u00e9os, \u0153uvres, graphismes, logo, identit\u00e9 visuelle, etc.) pr\u00e9sents sur le site www.puls.art est prot\u00e9g\u00e9 par les lois en vigueur sur la propri\u00e9t\u00e9 intellectuelle et est la propri\u00e9t\u00e9 exclusive de Mireille Dos Santos, sauf mention contraire.<\/p>\n<p>Toute reproduction, repr\u00e9sentation, modification, adaptation, ou publication, totale ou partielle, des \u00e9l\u00e9ments du site, quel que soit le moyen ou le proc\u00e9d\u00e9 utilis\u00e9, est interdite sans l&rsquo;autorisation \u00e9crite pr\u00e9alable de l\u2019artiste.<\/p>\n<p>\u00a0<\/p>\n\n<h3 class=\"p1 wp-block-heading\">Protection des donn\u00e9es personnelles<\/h3>\n\n<p>Conform\u00e9ment \u00e0 la loi \u00ab\u00a0Informatique et Libert\u00e9s\u00a0\u00bb et au RGPD, les donn\u00e9es personnelles collect\u00e9es via les formulaires de contact ou de commande sont utilis\u00e9es uniquement dans le cadre de la relation commerciale entre l\u2019artiste et le client.<br \/>L\u2019utilisateur dispose d\u2019un droit d\u2019acc\u00e8s, de rectification, d\u2019opposition et de suppression de ses donn\u00e9es \u00e0 tout moment en adressant sa demande \u00e0 : \u201ccontact[at]ouls[.]art\u201d\u00a0<\/p>\n<p>\u00a0<\/p>\n\n<h3 class=\"wp-block-heading\">Cookies<\/h3>\n\n<p>Afin d\u2019am\u00e9liorer le fonctionnement de notre application, nous utilisons Google Analytics, un service qui nous aide \u00e0 analyser la fr\u00e9quentation et l\u2019usage de notre site. Ce syst\u00e8me utilise des cookies (fichiers textes plac\u00e9s sur votre ordinateur). Ces cookies recueillent des informations sur l\u2019utilisation du site internet par les visiteurs et nous permettent de conna\u00eetre les pages les plus visit\u00e9es, la provenance des utilisateurs, les messages d\u2019erreur re\u00e7us\u2026 Les informations recueillies sont totalement anonymes et ne permettent d\u2019aucune mani\u00e8re d\u2019identifier les utilisateurs.<\/p>\n<p>\u00a0<\/p>\n\n<h3 class=\"wp-block-heading\">Cr\u00e9dits photos :\u00a0<\/h3>\n<p>\u00a9Puls, reprodruction interdite<\/p>\t\t\t\t\t\t\t\t<\/div>\n\t\t\t\t<\/div>\n\t\t\t\t\t<\/div>\n\t\t\t\t<\/div>\n\t\t\t\t<\/div>\n\t\t","protected":false},"excerpt":{"rendered":"<p>Qui sommes-nous\u00a0? Nom ou raison sociale : PulsAdresse du si\u00e8ge social : Puy-de-D\u00f4me (63)Adresse e-mail : contact@puls.artForme juridique : Artiste relevant des arts plastiques.Adresse : 21b rue Jules Ferry &#8211; 63720 CHAPPES \u00a0 Publication : Directrice de la publication : Mireille Dos SantosResponsable de la r\u00e9daction : Mireille Dos Santos \u00a0 H\u00e9bergement : OVH, 2 [&hellip;]<\/p>\n","protected":false},"author":1,"featured_media":0,"parent":0,"menu_order":0,"comment_status":"closed","ping_status":"open","template":"","meta":{"_monsterinsights_skip_tracking":false,"_monsterinsights_sitenote_active":false,"_monsterinsights_sitenote_note":"","_monsterinsights_sitenote_category":0,"footnotes":""},"class_list":["post-3","page","type-page","status-publish","hentry"],"_links":{"self":[{"href":"https:\/\/puls.art\/index.php?rest_route=\/wp\/v2\/pages\/3","targetHints":{"allow":["GET"]}}],"collection":[{"href":"https:\/\/puls.art\/index.php?rest_route=\/wp\/v2\/pages"}],"about":[{"href":"https:\/\/puls.art\/index.php?rest_route=\/wp\/v2\/types\/page"}],"author":[{"embeddable":true,"href":"https:\/\/puls.art\/index.php?rest_route=\/wp\/v2\/users\/1"}],"replies":[{"embeddable":true,"href":"https:\/\/puls.art\/index.php?rest_route=%2Fwp%2Fv2%2Fcomments&post=3"}],"version-history":[{"count":13,"href":"https:\/\/puls.art\/index.php?rest_route=\/wp\/v2\/pages\/3\/revisions"}],"predecessor-version":[{"id":4038,"href":"https:\/\/puls.art\/index.php?rest_route=\/wp\/v2\/pages\/3\/revisions\/4038"}],"wp:attachment":[{"href":"https:\/\/puls.art\/index.php?rest_route=%2Fwp%2Fv2%2Fmedia&parent=3"}],"curies":[{"name":"wp","href":"https:\/\/api.w.org\/{rel}","templated":true}]}}